 common divisor of 387729 and 259129.
643
Calculate the greatest common factor of 78 and 289741218.
78
Calculate the greatest common divisor of 3328816 and 20720.
592
What is the greatest common divisor of 503931 and 60009?
723
What is the greatest common factor of 2061162 and 171?
9
Calculate the highest common divisor of 3405460 and 492.
164
What is the greatest common divisor of 210084 and 1202981?
2501
Calculate the greatest common divisor of 248 and 713150164.
124
Calculate the greatest common factor of 89866 and 2999878.
686
Calculate the highest common divisor of 210 and 5410500.
30
Calculate the greatest common divisor of 13826542 and 92.
46
What is the highest common factor of 102990713 and 371?
371
What is the greatest common divisor of 5118135 and 60?
15
Calculate the highest common factor of 161126 and 94486.
238
Calculate the greatest common factor of 65024471 and 946.
43
What is the greatest common factor of 1304046 and 246915?
837
What is the highest common divisor of 709111226 and 454?
454
Calculate the greatest common divisor of 81490827 and 99.
33
Calculate the highest common divisor of 513408 and 357.
21
Calculate the greatest common divisor of 166483641 and 498.
249
Calculate the highest common divisor of 68556649 and 7.
7
Calculate the highest common factor of 160 and 916424.
8
Calculate the highest common factor of 825025 and 600.
25
What is the greatest common factor of 29413 and 6499?
67
What is the highest common factor of 2280 and 14695512?
456
Calculate the highest common divisor of 902 and 10933060.
82
What is the greatest common factor of 62 and 39265933?
31
Calculate the highest common factor of 737480 and 5506380.
2060
What is the greatest common divisor of 2463652 and 2862?
106
What is the greatest common factor of 161 and 5154829?
23
What is the highest common factor of 14013 and 338742?
81
Calculate the greatest common factor of 396 and 3210108.
132
What is the highest common divisor of 1205442 and 540?
54
What is the greatest common divisor of 554 and 47529322?
554
What is the highest common factor of 430440 and 70040?
680
Calculate the highest common factor of 3356884 and 108.
4
Calculate the highest common factor of 4914 and 4838106.
546
What is the greatest common factor of 3153 and 96567?
3
What is the highest common divisor of 904813 and 63485240?
14833
Calculate the greatest common factor of 148 and 233533233.
37
What is the greatest common factor of 966 and 9687554?
46
Calculate the greatest common divisor of 96 and 33647352.
24
Calculate the highest common factor of 393084 and 783423.
549
Calculate the greatest common divisor of 559770 and 52875.
705
What is the highest common factor of 2850 and 384690?
30
Calculate the greatest common divisor of 318 and 12343223.
53
Calculate the highest common factor of 39492 and 57524.
4
What is the greatest common divisor of 28260060 and 8082?
2694
What is the highest common divisor of 34494755 and 61325?
1115
Calculate the highest common factor of 1185 and 7661815.
395
Calculate the greatest common factor of 11565868 and 4062.
1354
Calculate the highest common divisor of 429 and 271401.
39
What is the greatest common divisor of 5330 and 800789860?
5330
Calculate the highest common divisor of 7284568 and 67048.
3944
Calculate the greatest common divisor of 2085 and 841530.
15
What is the highest common divisor of 270 and 108815910?
30
What is the greatest common divisor of 67901499 and 1682?
841
What is the highest common factor of 74878 and 2496794?
2582
Calculate the greatest common divisor of 40512 and 8916438.
1266
What is the highest common factor of 5895300 and 569535?
645
What is the highest common factor of 77953 and 132577?
569
What is the highest common factor of 7775 and 20829847?
311
Calculate the greatest common divisor of 1196 and 277212.
52
What is the greatest common factor of 20304 and 5765114?
94
Calculate the greatest common divisor of 18605 and 26807365.
305
What is the highest common factor of 68556 and 6141081?
591
What is the greatest common divisor of 2718 and 121212?
18
Calculate the highest common divisor of 4176 and 287448.
696
What is the greatest common divisor of 108 and 11993712?
12
Calculate the greatest common factor of 787248 and 189072.
144
What is the greatest common divisor of 219487 and 70261?
17
Calculate the greatest common factor of 44589 and 663324.
501
Calculate the greatest common divisor of 104853983 and 2158.
1079
Calculate the greatest common factor of 428859 and 37383.
51
What is the greatest common divisor of 387918252 and 2232?
1116
What is the highest common divisor of 7462451 and 287?
41
Calculate the highest common divisor of 18 and 85360698.
18
What is the highest common factor of 64804 and 1156?
68
Calculate the greatest common divisor of 1967940 and 12870.
1170
Calculate the greatest common factor of 884 and 1364415.
13
What is the highest common factor of 71 and 100997003?
71
What is the greatest common factor of 44223345 and 15?
15
What is the greatest common factor of 1124825 and 125?
25
Calculate the greatest common divisor of 8643 and 653652.
201
Calculate the greatest common divisor of 179 and 3407.
1
Calculate the highest common divisor of 7332 and 3767868.
156
Calculate the greatest common factor of 238960074 and 12.
6
Calculate the greatest common divisor of 992 and 8564339.
31
Calculate the highest common factor of 12911013 and 171.
171
What is the highest common divisor of 114788676 and 48?
12
Calculate the greatest common factor of 23843803 and 12388.
3097
What is the greatest common divisor of 64920 and 406291?
541
Calculate the highest common factor of 131106 and 1776.
6
Calculate the highest common factor of 770074 and 7138.
166
What is the highest common factor of 8563095 and 34055?
695
What is the greatest common factor of 1999 and 45531223?
1999
What is the greatest common divisor of 792946 and 35948?
418
Calculate the greatest common divisor of 96 and 252514656.
96
What is the highest common divisor of 98971275 and 498?
249
Calculate the greatest common factor of 5151 and 6969909.
303
What is the highest common factor of 3451 and 491057?
203
Calculate the highest common divisor of 2510376 and 98901.
1221
Calculate the greatest common divisor of 590955 and 60.
15
Calculate the highest common divisor of 189 and 5478201.
9
Calculate the highest common factor of 1591 and 8570459.
43
What is the highest common factor of 76066341 and 273?
39
What is the highest common factor of 1474 and 24366560?
134
What is the greatest common divisor of 93314241 and 1546?
773
Calculate the highest common divisor of 343 and 100968567.
343
Calculate the highest common divisor of 1131 and 28028442.
1131
What is the highest common divisor of 55930 and 9356760?
3290
Calculate the greatest common factor of 7727889 and 31369.
247
What is the highest common divisor of 18878597 and 5859?
31
Calculate the highest common divisor of 1213120 and 276352.
1088
Calculate the greatest common factor of 7888 and 15793516.
116
What is the highest common factor of 5992 and 2173598?
1498
Calculate the highest common factor of 202460257 and 101.
101
What is the greatest common divisor of 99406 and 2292821?
2161
What is the highest common factor of 1913086 and 14?
14
Calculate the greatest common divisor of 76992 and 58048.
64
Calculate the highest common divisor of 1899 and 26346093.
633
What is the greatest common factor of 19448 and 81889?
17
What is the greatest common divisor of 1638 and 5366088?
1638
What is the greatest common divisor of 21349750 and 47?
47
What is the greatest common divisor of 65033160 and 16898?
2414
What is the highest common factor of 346864 and 6839?
7
What is the greatest common factor of 1542928 and 128480?
1168
Calculate the highest common factor of 255265 and 4484.
19
Calculate the highest common divisor of 16323115 and 1010.
505
Calculate the highest common factor of 2160 and 24453360.
2160
What is the highest common factor of 480 and 121041030?
30
What is the highest common factor of 173830082 and 1351?
193
Calculate the highest common factor of 10555 and 1020665.
5
What is the greatest common factor of 75790 and 1069354?
286
Calculate the highest common divisor of 200388 and 972.
12
Calculate 